= 342382 + -117599. Is n a composite number?
True
Suppose -y + 190 = -5*q, 2*y + 4*q = 9*q + 390. Suppose -77 = -t - 4. Let o = y - t. Is o a composite number?
False
Let k = 273 + -259. Suppose -31674 - 3760 = -k*b. Is b prime?
True
Let t(f) = 102*f**2 + 86*f + 1993. Is t(-105) a prime number?
True
Let q = 24902 - 43640. Let s = 27485 + q. Is s composite?
False
Let z = -57 + 58. Let y = -3 - z. Is (5/(-10))/(y/2008) prime?
True
Let o(w) = -104*w - 69. Let h(r) = 311*r + 207. Let p(g) = -6*h(g) - 17*o(g). Is p(-17) a composite number?
False
Let f = 26 + 526. Suppose 4*v - 4*q = 288, q + f - 172 = 5*v. Is v a composite number?
True
Is (20207 - 49/7) + 3 composite?
True
Suppose 26*z = 21*z + 2*f + 2098247, -4*z + 1678624 = 5*f. Is z composite?
False
Suppose -2*j + 3*r - 29 = 0, -16 + 10 = -2*j - 4*r. Is (5 - 1) + j + 1976 a composite number?
False
Suppose 0 = n + 3, 2*x + 3 = -3*x + 4*n. Is ((-1481)/x)/(3/9) a composite number?
False
Let z(c) = 4*c**2 + 76. Let d be z(-32). Let w = -1761 + d. Is w prime?
True
Suppose -769865 + 31178 = -3*n - 5*a, 4*n + 3*a - 984894 = 0. Is n a composite number?
True
Let n = -7831 - -17750. Suppose 13*j - 6*j - n = 0. Is j prime?
False
Is (-85)/(-25) + -3 - (-91506)/10 a composite number?
False
Suppose -283*b = -285*b + 1472. Suppose r - 6*l = -3*l + b, -5*l = r - 744. Is r prime?
True
Let p = 176 + -184. Is (2518 + 5 - 0) + p/4 prime?
True
Let z = 86208 - 34951. Is z prime?
True
Suppose 12*y + 14852 = 14*y. Let g = 11811 - y. Suppose 10*r = 5*r + g. Is r prime?
True
Suppose 81*u - u - 15277722 = -4064202. Is u prime?
False
Suppose 5*h - 606 + 211 = 0. Let c = 77 - h. Is (-3)/((-24)/(-4604))*c a composite number?
False
Let d = -17 + 11. Let x(i) be the second derivative of -85*i**3/2 + 5*i**2/2 - i + 330. Is x(d) a composite number?
True
Let t = 6578 - -19257. Is t prime?
False
Let u(r) = r**3 - 16*r**2 + 16*r - 22. Let k be u(14). Let d = k - -604. Let n = 5 + d. Is n prime?
True
Suppose 18*o - 572 = -8*o. Suppose o*l = 25*l - 1413. Is l composite?
True
Suppose -50172 = -10*f - 2*f. Suppose 9*p - f = 15196. Is p prime?
True
Suppose 125452 = 9*u + 13978. Suppose 5*d = 4979 + u. Is d prime?
False
Let h = -13 + 70. Suppose 4*i - 69 = 2*j - 61, -3*j - 15 = -3*i. Is ((-34466)/h)/((-2)/(-3)*i) a composite number?
False
Is 118489 + 27/((-432)/32) prime?
False
Let k(j) = 129*j - 41. Let c(t) = t + 1. Let d(o) = -4*c(o) - k(o). Let i(p) = -p + 5. Let z be i(13). Is d(z) composite?
True
Let q be -2*(-4 - (-7317)/(-6)). Let x = 4624 - q. Is x a prime number?
False
Suppose 0 = 3*a - 418 - 119. Suppose 4*m - 975 - a = -2*t, -595 = -t + 4*m. Is t prime?
False
Let h(w) = 10*w**2 + 16*w - 7. Suppose -11*o - 16 - 39 = 0. Is h(o) a prime number?
True
Suppose y = z, 0 = 3*z + y - 2*y - 8. Suppose -5*a + 5*t + 4040 = -7615, 9328 = z*a - 2*t. Is a composite?
False
Suppose 0 = -2*c - 6, -s + 2*c + c = -14. Suppose s*v = d + 34740, 15 = 66*d - 69*d. Is v a composite number?
False
Let g = 70424 - -5151. Suppose 4*o + 51914 = 2*k + 14104, -o = 4*k - g. Is k a prime number?
False
Suppose 212*m = -233*m + 3039996 + 7359209. Is m composite?
False
Let m(j) = 32821*j**2 - 14*j + 15. Is m(1) composite?
True
Let b(x) = 87*x**2 - 67 - 37*x + 23 + 101*x**2 + 50*x. Is b(5) a composite number?
False
Suppose 0 = 4*h - 4*c + 40234 + 3426, 2*h = -4*c - 21818. Let o = h + 26174. Is o a composite number?
True
Let q = -39358 + 177267. Is q a prime number?
True
Suppose 2*c + 12 + 16 = 0. Let q(x) = -55*x + 22. Let j be q(c). Suppose i + j + 989 = 4*g, 5*g + 2*i = 2223. Is g prime?
False
Suppose 53*l - 16037 - 32564 = 0. Is l a composite number?
True
Let w(o) = 24*o + 2. Let t be w(10). Is (-2099)/(-11) - (-44)/t composite?
False
Let u = 60 + -52. Suppose -4*d = 4*l - u, -l + 3 + 23 = -5*d. Suppose l*i + 0*i - 11694 = 0. Is i a prime number?
True
Let i(y) = -y**3 - 42*y**2 + 131*y - 44. Let h be i(-45). Let u be (2 - 0)/((-1)/(-2)). Suppose -h = -u*d + 596. Is d composite?
True
Suppose 2*x = 3*p - 46728, -2*p + p + 15559 = 5*x. Let q = -3713 + p. Is q a prime number?
False
Let o(m) = -42 + 4*m**2 + 21 - 13*m + 37 + 2*m**2 + 32*m. Suppose -31 - 26 = 3*u. Is o(u) composite?
True
Suppose -10*d = -666257 + 100887. Suppose -17*y - 2086 + d = 0. Is y a prime number?
True
Let t = 7 - -1. Let w be (-1238)/(-4) - (-4)/t. Suppose 3*s - 4*g = 3035, -w = -4*s + 2*g + 3730. Is s prime?
True
Let c = 87 - 82. Suppose 6*f + 3010 = 8*f - 4*l, 7530 = c*f - 5*l. Is f a prime number?
False
Suppose 182 = h - 120. Suppose -q + h = -102. Suppose x + 3*u = -2*u + q, -4*x - 5*u = -1571. Is x a composite number?
False
Let n = -816986 - -1376617. Is n a composite number?
False
Let h(o) be the second derivative of -4*o**3 + 2*o**2 + o. Let d be h(4). Let w = 159 - d. Is w prime?
True
Is (1 - -9 - 12239)/(-1) a prime number?
False
Is 266092/10*(-85)/(-34) composite?
False
Suppose p = -7*p + 40. Suppose z = 4*t + 4*z + 2884, p*z = -2*t - 1456. Let y = -467 - t. Is y a composite number?
False
Let r be (-1)/(-4) + (-740)/80. Is (43314/r)/(48/9 - 6) a prime number?
True
Let v = -731 + 1561. Let i(j) = 69*j + 60. Let s be i(19). Let q = s - v. Is q composite?
False
Let f = 91 + -89. Suppose -3*b = -5*o + 113, -3*o - f*b = 2*o - 133. Suppose -22*g - 3453 = -o*g. Is g a composite number?
False
Let u = 1911 - 1016. Let o = u + 2421. Suppose o = 28*g - 24*g. Is g a prime number?
True
Let b = -34 + 31. Let v be (-1)/b - 38206/(-42). Let y = v + 7. Is y prime?
False
Let q be (-2)/(8*-1) - 22/(-8). Suppose -2*u - 1557 = -t, 3*t = q*u - 8*u + 4704. Is t a prime number?
False
Suppose -2739 = -5*s + 20916. Suppose -4*z = s - 13719. Suppose 3*o + z = 6*o. Is o prime?
False
Let k(g) = -g + 11. Let v be (-109)/5 - 6/30. Let x be k(v). Suppose 34*c - x*c = 79. Is c prime?
True
Let j(k) = 53*k**2 + k. Let f be j(1). Let m be 76*3/f + 2/(-9). Suppose -14 = -m*i + 118. Is i composite?
True
Let o = -2 + 4. Let l(p) = 1 + 125*p**3 - 14505*p - 8*p**3 + 14507*p - 4*p**2 + 18*p**3. Is l(o) a composite number?
False
Let v = 225159 - 134690. Is v a prime number?
True
Suppose -422770 + 83508 = -14*t. Is t a prime number?
False
Let y(p) = -2*p**3 - 18*p**2 - 17*p + 1. Let c = 92 - 84. Let x be (-14)/c + 1 + (-1176)/96. Is y(x) a prime number?
False
Suppose 73 = 2*y + 63. Suppose -2*h - l = -9407, y*l + 4698 = -9*h + 10*h. Is h composite?
False
Let f(q) = 62888*q + 23. Is f(1) a composite number?
True
Let y be 27/(-108) - (-106)/8*-31. Let m = y + 621. Is (m/(-75))/(4/(-70)) composite?
True
Suppose -3*n + 2*l + 2018875 = 0, 15*l = 3*n + 14*l - 2018876. Is n prime?
False
Let k(z) = 0*z - 755*z**2 + 3 - 1 + 2*z + 756*z**2. Let n be k(3). Suppose -n*p + 5303 = -698. Is p composite?
False
Let d = 75847 + -45318. Is d a prime number?
True
Let l = 91149 - -249286. Is l composite?
True
Let l(k) = -k**3 + 66*k**2 + 78*k + 1875. Is l(-82) composite?
False
Suppose 3*h - 423898 = m, -4*h - 346091 = 3*m - 911310. Is h composite?
False
Let f be 5 + -2 + -9 + 48. Suppose f*w - 232188 = 30*w. Is w a prime number?
False
Let s(c) be the first derivative of c**2 + 3*c + 4. Let x be s(0). Suppose 212 = x*p + p. Is p prime?
True
Let i = 179695 - -46470. Is i a prime number?
False
Let k(f) = -91*f**3 - 13*f**2 + 75*f - 74. Is k(-13) a composite number?
False
Suppose 19*u - 59*u - 3517427 + 14448907 = 0. Is u a prime number?
False
Let r(i) = -2*i + 16. Suppose 3*u = 2*z - 11, -5*z - u = 4*u - 15. Let x be z/2 - (8 - -3). Is r(x) composite?
True
Suppose 42*v = 52*v - 55010. Is v composite?
False
Suppose 5*f - 4*w + 1 = 3, -4*w = 5*f - 18. Suppose 2*u = x + 2 - 1, 4*x = 5*u + f. Suppose -u*l = 10 - 624. Is l prime?
True
Suppose -5*z + 14 = -1. Suppose -z*x - 2*n + 551 = -1850, 0 = 2*x + 4*n - 1590. Is x composite?
True
Suppose 9 - 7 = 2*z. Let o(a) = -a + 0 - 4 + z + 35*a. Is o(16) a prime number?
True
Suppose 573539 = 2*p + 2*v + 86913, 0 = -3*p + 4*v + 729925. Is p composite?
False
Suppose 54*f + 3090258 = 80*f + 1033216. Is f composite?
True
Let v(c) = 6675*c + 2597. Is v(8) a prime number?
True
Let s(i) = -9*i**3 - 23*i**2 - 86*i - 1279. Is s(-20) prime?
True
Let k(h) be the second derivative of h**5/4 - 5*h**4/6 + 19*h**3/6 + 15*h**2/2 + 2*h + 4. Is k(11) prime?
True
Let g be 13 - 0/2*4/12. Let t be 0/g + 4 + (-1)/(-1). Suppose 3